{"id":509,"date":"2023-03-06T10:35:20","date_gmt":"2023-03-06T09:35:20","guid":{"rendered":"https:\/\/www.quatrevingtdouze.fr\/?page_id=509"},"modified":"2023-12-18T20:37:02","modified_gmt":"2023-12-18T19:37:02","slug":"com-innovante","status":"publish","type":"page","link":"https:\/\/www.quatrevingtdouze.fr\/index.php\/com-innovante\/","title":{"rendered":"Com&#8217; innovante"},"content":{"rendered":"\n<figure class=\"wp-block-image size-full\"><img loading=\"lazy\" decoding=\"async\" width=\"1900\" height=\"554\" src=\"https:\/\/www.quatrevingtdouze.fr\/wp-content\/uploads\/2023\/12\/4.jpg\" alt=\"\" class=\"wp-image-967\" srcset=\"https:\/\/www.quatrevingtdouze.fr\/wp-content\/uploads\/2023\/12\/4.jpg 1900w, https:\/\/www.quatrevingtdouze.fr\/wp-content\/uploads\/2023\/12\/4-300x87.jpg 300w, https:\/\/www.quatrevingtdouze.fr\/wp-content\/uploads\/2023\/12\/4-1024x299.jpg 1024w, https:\/\/www.quatrevingtdouze.fr\/wp-content\/uploads\/2023\/12\/4-768x224.jpg 768w, https:\/\/www.quatrevingtdouze.fr\/wp-content\/uploads\/2023\/12\/4-1536x448.jpg 1536w\" sizes=\"auto, (max-width: 1900px) 100vw, 1900px\" \/><\/figure>\n\n\n\n<h1 class=\"wp-block-heading\"><strong>Vous ouvrir \u00e0 de nouveaux horizons avec la communication innovante<\/strong><\/h1>\n\n\n\n<p><\/p>\n\n\n\n<h2 class=\"wp-block-heading\"><strong><strong>Des domaines d\u2019intervention prometteurs<\/strong><\/strong><\/h2>\n\n\n\n<p><\/p>\n\n\n\n<p>Depuis sa cr\u00e9ation, Quatrevingtdouze a toujours \u00e9t\u00e9 anim\u00e9e par une volont\u00e9 d\u2019innovation en phase avec les progr\u00e8s technologiques et les changements soci\u00e9taux. Nous avons d\u00e9velopp\u00e9 un \u00e9cosyst\u00e8me pr\u00e9curseur avec clients, partenaires, startups et explorons les possibilit\u00e9s offertes par la technologie avec l\u2019envie de partager avec nos clients ces solutions de communications efficaces et innovantes.<\/p>\n\n\n\n<p>Depuis 7 ans, Quatrevingtdouze a orient\u00e9 son offre innovante vers les technologies immersives et de visualisations. Nous intervenons sur les th\u00e9matiques suivantes&nbsp;:<\/p>\n\n\n\n<ul class=\"wp-block-list\">\n<li><strong>Architecture, BTP<\/strong> : visualiser et visiter des lieux dans lesquels on ne peut pas ou difficilement se rendre, en explorer tous les d\u00e9tails ;<\/li>\n\n\n\n<li><strong>Marketing<\/strong> : promouvoir un produit, un service, une marque, de mani\u00e8re plus engageante que les m\u00e9dias classiques. L\u2019immersion suscite l\u2019attention des utilisateurs, leur procure des \u00e9motions positives, d\u00e9multiplie leur capacit\u00e9 \u00e0 agir mais \u00e9galement \u00e0 faire d\u00e9couvrir l\u2019exp\u00e9rience \u00e0 d\u2019autres ;<\/li>\n\n\n\n<li><strong>Formation, sensibilisation<\/strong> : apprendre gr\u00e2ce au casque de r\u00e9alit\u00e9 virtuelle augmente la capacit\u00e9 de m\u00e9morisation. Elle permet \u00e9galement d\u2019exp\u00e9rimenter en se trompant, sans risque ni danger.<\/li>\n<\/ul>\n\n\n\n<p><strong>Une r\u00e9flexion continue sur la trajectoire de l&#8217;innovation<\/strong><\/p>\n\n\n\n<p>Quatrevingtdouze m\u00e8ne une r\u00e9flexion sur l\u2019int\u00e9gration de l&#8217;<strong>intelligence artificielle (IA) <\/strong>dans son offre. Outre l\u2019automatisation de t\u00e2ches r\u00e9p\u00e9titives et la production de contenu simple que nous utilisons d\u00e9j\u00e0, l&#8217;intelligence artificielle r\u00e9interroge notre mission d\u2019agence de communication sur deux points principaux, notre cr\u00e9ativit\u00e9 et notre responsabilit\u00e9. Dans les prochaines ann\u00e9es, Quatrevingtdouze s\u2019appuiera sur la technologie de l\u2019IA mais devra surtout r\u00e9pondre \u00e0 ce que n\u2019est pas l\u2019IA, \u00e0 savoir la cr\u00e9ativit\u00e9. C\u2019est ce qu\u2019il nous faudra d\u00e9cupler, afin de continuer \u00e0 proposer \u00e0 nos clients une approche \u00e9thique et \u00e9motionnelle.<\/p>\n\n\n\n<h2 class=\"wp-block-heading\"><strong><strong>Une palette d\u2019applications<\/strong><\/strong><\/h2>\n\n\n\n<p>Les applications sont d\u00e9velopp\u00e9es sur tout support pour proposer une exp\u00e9rience avec des outils de r\u00e9alit\u00e9 virtuelle (casques VR, salle immersive), sur ordinateur (avec ou sans connexion internet) et terminaux mobiles (tablettes, smartphone). Nos prestations disponibles&nbsp;:<\/p>\n\n\n\n<ul class=\"wp-block-list\">\n<li><strong>Vid\u00e9o 360 interactive<\/strong>&nbsp;: formations en R\u00e9alit\u00e9 Virtuelle qui offre une exp\u00e9rience d&#8217;immersion aux apprenants pour simuler des situations r\u00e9elles. Elle permet d&#8217;acqu\u00e9rir des comp\u00e9tences ou des connaissances de mani\u00e8re immersive et interactive. Cette mission peut s\u2019accompagner de la conception et fabrication de valises avec le mat\u00e9riel n\u00e9cessaire pour d\u00e9ployer la formation.<\/li>\n\n\n\n<li><strong>Visite virtuelle<\/strong>&nbsp;: exp\u00e9rience interactive qui permet aux utilisateurs d\u2019offrir une repr\u00e9sentation visuelle immersive et interactive d&#8217;un lieu r\u00e9el ou fictif. Exemples : <a href=\"https:\/\/www.rer-eole.fr\/actualite\/visitez-la-gare-de-la-defense-en-ligne\/\" target=\"_blank\" rel=\"noreferrer noopener\">https:\/\/www.rer-eole.fr\/actualite\/visitez-la-gare-de-la-defense-en-ligne\/<\/a> ou <a href=\"https:\/\/www.emergence-buro.com\/3d-visit.html\" target=\"_blank\" rel=\"noreferrer noopener\">https:\/\/www.emergence-buro.com\/3d-visit.html <\/a><\/li>\n\n\n\n<li><strong>Maquette virtuelle<\/strong>&nbsp;: repr\u00e9sentation num\u00e9rique en trois dimensions d&#8217;un b\u00e2timent ou d&#8217;un projet d\u2019am\u00e9nagement, pour en permettre l&#8217;exploration et la visualisation avant sa r\u00e9alisation. Exemple : <a href=\"https:\/\/www.youtube.com\/watch?v=-T39breOBSs&amp;t=24s\" target=\"_blank\" rel=\"noreferrer noopener\">https:\/\/www.youtube.com\/watch?v=-T39breOBSs&amp;t=24s<\/a><\/li>\n\n\n\n<li><strong>Salle immersive<\/strong>&nbsp;: technologie de r\u00e9alit\u00e9 virtuelle par projection et interaction avec une tablette pour d\u00e9mocratiser l\u2019exp\u00e9rience immersive.<\/li>\n<\/ul>\n\n\n\n<p>Vous menez une r\u00e9flexion autour d\u2019un projet innovant&nbsp;?<\/p>\n\n\n\n<div class=\"wp-block-buttons is-layout-flex wp-block-buttons-is-layout-flex\">\n<div class=\"wp-block-button\"><a class=\"wp-block-button__link wp-element-button\" href=\"https:\/\/www.quatrevingtdouze.fr\/index.php\/contact\/\" target=\"_blank\" rel=\"noreferrer noopener\">Contactez-nous<\/a><\/div>\n<\/div>\n","protected":false},"excerpt":{"rendered":"<p>Vous ouvrir \u00e0 de nouveaux horizons avec la communication innovante Des domaines d\u2019intervention prometteurs Depuis sa cr\u00e9ation, Quatrevingtdouze a toujours \u00e9t\u00e9 anim\u00e9e par une volont\u00e9 d\u2019innovation en phase avec les &#8230;<\/p>\n","protected":false},"author":1,"featured_media":0,"parent":0,"menu_order":0,"comment_status":"closed","ping_status":"closed","template":"template-fullwidth.php","meta":{"_exactmetrics_skip_tracking":false,"_exactmetrics_sitenote_active":false,"_exactmetrics_sitenote_note":"","_exactmetrics_sitenote_category":0,"footnotes":""},"class_list":["post-509","page","type-page","status-publish","hentry"],"yoast_head":"<!-- This site is optimized with the Yoast SEO plugin v27.5 - https:\/\/yoast.com\/product\/yoast-seo-wordpress\/ -->\n<title>Com&#039; innovante - Quatrevingtdouze<\/title>\n<meta name=\"description\" content=\"Quatrevingtdouze : Nous cr\u00e9ons les images qui construisent votre image\" \/>\n<meta name=\"robots\" content=\"index, follow, max-snippet:-1, max-image-preview:large, max-video-preview:-1\" \/>\n<link rel=\"canonical\" href=\"https:\/\/www.quatrevingtdouze.fr\/index.php\/com-innovante\/\" \/>\n<meta property=\"og:locale\" content=\"en_US\" \/>\n<meta property=\"og:type\" content=\"article\" \/>\n<meta property=\"og:title\" content=\"Com&#039; innovante - Quatrevingtdouze\" \/>\n<meta property=\"og:description\" content=\"Quatrevingtdouze : Nous cr\u00e9ons les images qui construisent votre image\" \/>\n<meta property=\"og:url\" content=\"https:\/\/www.quatrevingtdouze.fr\/index.php\/com-innovante\/\" \/>\n<meta property=\"og:site_name\" content=\"Quatrevingtdouze\" \/>\n<meta property=\"article:modified_time\" content=\"2023-12-18T19:37:02+00:00\" \/>\n<meta property=\"og:image\" content=\"https:\/\/www.quatrevingtdouze.fr\/wp-content\/uploads\/2023\/12\/4.jpg\" \/>\n<meta name=\"twitter:card\" content=\"summary_large_image\" \/>\n<meta name=\"twitter:site\" content=\"@Quatrevingtdouz\" \/>\n<meta name=\"twitter:label1\" content=\"Est. reading time\" \/>\n\t<meta name=\"twitter:data1\" content=\"3 minutes\" \/>\n<script type=\"application\/ld+json\" class=\"yoast-schema-graph\">{\"@context\":\"https:\\\/\\\/schema.org\",\"@graph\":[{\"@type\":\"WebPage\",\"@id\":\"https:\\\/\\\/www.quatrevingtdouze.fr\\\/index.php\\\/com-innovante\\\/\",\"url\":\"https:\\\/\\\/www.quatrevingtdouze.fr\\\/index.php\\\/com-innovante\\\/\",\"name\":\"Com' innovante - Quatrevingtdouze\",\"isPartOf\":{\"@id\":\"https:\\\/\\\/www.quatrevingtdouze.fr\\\/#website\"},\"primaryImageOfPage\":{\"@id\":\"https:\\\/\\\/www.quatrevingtdouze.fr\\\/index.php\\\/com-innovante\\\/#primaryimage\"},\"image\":{\"@id\":\"https:\\\/\\\/www.quatrevingtdouze.fr\\\/index.php\\\/com-innovante\\\/#primaryimage\"},\"thumbnailUrl\":\"https:\\\/\\\/www.quatrevingtdouze.fr\\\/wp-content\\\/uploads\\\/2023\\\/12\\\/4.jpg\",\"datePublished\":\"2023-03-06T09:35:20+00:00\",\"dateModified\":\"2023-12-18T19:37:02+00:00\",\"description\":\"Quatrevingtdouze : Nous cr\u00e9ons les images qui construisent votre image\",\"breadcrumb\":{\"@id\":\"https:\\\/\\\/www.quatrevingtdouze.fr\\\/index.php\\\/com-innovante\\\/#breadcrumb\"},\"inLanguage\":\"en-US\",\"potentialAction\":[{\"@type\":\"ReadAction\",\"target\":[\"https:\\\/\\\/www.quatrevingtdouze.fr\\\/index.php\\\/com-innovante\\\/\"]}]},{\"@type\":\"ImageObject\",\"inLanguage\":\"en-US\",\"@id\":\"https:\\\/\\\/www.quatrevingtdouze.fr\\\/index.php\\\/com-innovante\\\/#primaryimage\",\"url\":\"https:\\\/\\\/www.quatrevingtdouze.fr\\\/wp-content\\\/uploads\\\/2023\\\/12\\\/4.jpg\",\"contentUrl\":\"https:\\\/\\\/www.quatrevingtdouze.fr\\\/wp-content\\\/uploads\\\/2023\\\/12\\\/4.jpg\",\"width\":1900,\"height\":554},{\"@type\":\"BreadcrumbList\",\"@id\":\"https:\\\/\\\/www.quatrevingtdouze.fr\\\/index.php\\\/com-innovante\\\/#breadcrumb\",\"itemListElement\":[{\"@type\":\"ListItem\",\"position\":1,\"name\":\"Accueil\",\"item\":\"https:\\\/\\\/www.quatrevingtdouze.fr\\\/\"},{\"@type\":\"ListItem\",\"position\":2,\"name\":\"Com&#8217; innovante\"}]},{\"@type\":\"WebSite\",\"@id\":\"https:\\\/\\\/www.quatrevingtdouze.fr\\\/#website\",\"url\":\"https:\\\/\\\/www.quatrevingtdouze.fr\\\/\",\"name\":\"Quatrevingtdouze\",\"description\":\"Nous cr\u00e9ons les images qui construisent votre image\",\"publisher\":{\"@id\":\"https:\\\/\\\/www.quatrevingtdouze.fr\\\/#organization\"},\"potentialAction\":[{\"@type\":\"SearchAction\",\"target\":{\"@type\":\"EntryPoint\",\"urlTemplate\":\"https:\\\/\\\/www.quatrevingtdouze.fr\\\/?s={search_term_string}\"},\"query-input\":{\"@type\":\"PropertyValueSpecification\",\"valueRequired\":true,\"valueName\":\"search_term_string\"}}],\"inLanguage\":\"en-US\"},{\"@type\":\"Organization\",\"@id\":\"https:\\\/\\\/www.quatrevingtdouze.fr\\\/#organization\",\"name\":\"Quatrevingtdouze\",\"url\":\"https:\\\/\\\/www.quatrevingtdouze.fr\\\/\",\"logo\":{\"@type\":\"ImageObject\",\"inLanguage\":\"en-US\",\"@id\":\"https:\\\/\\\/www.quatrevingtdouze.fr\\\/#\\\/schema\\\/logo\\\/image\\\/\",\"url\":\"https:\\\/\\\/www.quatrevingtdouze.fr\\\/wp-content\\\/uploads\\\/2018\\\/05\\\/Logo-Quatrevingtdouze.jpg\",\"contentUrl\":\"https:\\\/\\\/www.quatrevingtdouze.fr\\\/wp-content\\\/uploads\\\/2018\\\/05\\\/Logo-Quatrevingtdouze.jpg\",\"width\":170,\"height\":96,\"caption\":\"Quatrevingtdouze\"},\"image\":{\"@id\":\"https:\\\/\\\/www.quatrevingtdouze.fr\\\/#\\\/schema\\\/logo\\\/image\\\/\"},\"sameAs\":[\"https:\\\/\\\/x.com\\\/Quatrevingtdouz\",\"https:\\\/\\\/www.instagram.com\\\/quatrevingtdouz\\\/\",\"https:\\\/\\\/www.quatrevingtdouze.fr\\\/linkedin.com\\\/in\\\/david-paget\",\"https:\\\/\\\/www.youtube.com\\\/channel\\\/UCz3H2-oQOT36aUJxtkAiWLQ\\\/featured?view_as=public\"]}]}<\/script>\n<!-- \/ Yoast SEO plugin. -->","yoast_head_json":{"title":"Com' innovante - Quatrevingtdouze","description":"Quatrevingtdouze : Nous cr\u00e9ons les images qui construisent votre image","robots":{"index":"index","follow":"follow","max-snippet":"max-snippet:-1","max-image-preview":"max-image-preview:large","max-video-preview":"max-video-preview:-1"},"canonical":"https:\/\/www.quatrevingtdouze.fr\/index.php\/com-innovante\/","og_locale":"en_US","og_type":"article","og_title":"Com' innovante - Quatrevingtdouze","og_description":"Quatrevingtdouze : Nous cr\u00e9ons les images qui construisent votre image","og_url":"https:\/\/www.quatrevingtdouze.fr\/index.php\/com-innovante\/","og_site_name":"Quatrevingtdouze","article_modified_time":"2023-12-18T19:37:02+00:00","og_image":[{"url":"https:\/\/www.quatrevingtdouze.fr\/wp-content\/uploads\/2023\/12\/4.jpg","type":"","width":"","height":""}],"twitter_card":"summary_large_image","twitter_site":"@Quatrevingtdouz","twitter_misc":{"Est. reading time":"3 minutes"},"schema":{"@context":"https:\/\/schema.org","@graph":[{"@type":"WebPage","@id":"https:\/\/www.quatrevingtdouze.fr\/index.php\/com-innovante\/","url":"https:\/\/www.quatrevingtdouze.fr\/index.php\/com-innovante\/","name":"Com' innovante - Quatrevingtdouze","isPartOf":{"@id":"https:\/\/www.quatrevingtdouze.fr\/#website"},"primaryImageOfPage":{"@id":"https:\/\/www.quatrevingtdouze.fr\/index.php\/com-innovante\/#primaryimage"},"image":{"@id":"https:\/\/www.quatrevingtdouze.fr\/index.php\/com-innovante\/#primaryimage"},"thumbnailUrl":"https:\/\/www.quatrevingtdouze.fr\/wp-content\/uploads\/2023\/12\/4.jpg","datePublished":"2023-03-06T09:35:20+00:00","dateModified":"2023-12-18T19:37:02+00:00","description":"Quatrevingtdouze : Nous cr\u00e9ons les images qui construisent votre image","breadcrumb":{"@id":"https:\/\/www.quatrevingtdouze.fr\/index.php\/com-innovante\/#breadcrumb"},"inLanguage":"en-US","potentialAction":[{"@type":"ReadAction","target":["https:\/\/www.quatrevingtdouze.fr\/index.php\/com-innovante\/"]}]},{"@type":"ImageObject","inLanguage":"en-US","@id":"https:\/\/www.quatrevingtdouze.fr\/index.php\/com-innovante\/#primaryimage","url":"https:\/\/www.quatrevingtdouze.fr\/wp-content\/uploads\/2023\/12\/4.jpg","contentUrl":"https:\/\/www.quatrevingtdouze.fr\/wp-content\/uploads\/2023\/12\/4.jpg","width":1900,"height":554},{"@type":"BreadcrumbList","@id":"https:\/\/www.quatrevingtdouze.fr\/index.php\/com-innovante\/#breadcrumb","itemListElement":[{"@type":"ListItem","position":1,"name":"Accueil","item":"https:\/\/www.quatrevingtdouze.fr\/"},{"@type":"ListItem","position":2,"name":"Com&#8217; innovante"}]},{"@type":"WebSite","@id":"https:\/\/www.quatrevingtdouze.fr\/#website","url":"https:\/\/www.quatrevingtdouze.fr\/","name":"Quatrevingtdouze","description":"Nous cr\u00e9ons les images qui construisent votre image","publisher":{"@id":"https:\/\/www.quatrevingtdouze.fr\/#organization"},"potentialAction":[{"@type":"SearchAction","target":{"@type":"EntryPoint","urlTemplate":"https:\/\/www.quatrevingtdouze.fr\/?s={search_term_string}"},"query-input":{"@type":"PropertyValueSpecification","valueRequired":true,"valueName":"search_term_string"}}],"inLanguage":"en-US"},{"@type":"Organization","@id":"https:\/\/www.quatrevingtdouze.fr\/#organization","name":"Quatrevingtdouze","url":"https:\/\/www.quatrevingtdouze.fr\/","logo":{"@type":"ImageObject","inLanguage":"en-US","@id":"https:\/\/www.quatrevingtdouze.fr\/#\/schema\/logo\/image\/","url":"https:\/\/www.quatrevingtdouze.fr\/wp-content\/uploads\/2018\/05\/Logo-Quatrevingtdouze.jpg","contentUrl":"https:\/\/www.quatrevingtdouze.fr\/wp-content\/uploads\/2018\/05\/Logo-Quatrevingtdouze.jpg","width":170,"height":96,"caption":"Quatrevingtdouze"},"image":{"@id":"https:\/\/www.quatrevingtdouze.fr\/#\/schema\/logo\/image\/"},"sameAs":["https:\/\/x.com\/Quatrevingtdouz","https:\/\/www.instagram.com\/quatrevingtdouz\/","https:\/\/www.quatrevingtdouze.fr\/linkedin.com\/in\/david-paget","https:\/\/www.youtube.com\/channel\/UCz3H2-oQOT36aUJxtkAiWLQ\/featured?view_as=public"]}]}},"_links":{"self":[{"href":"https:\/\/www.quatrevingtdouze.fr\/index.php\/wp-json\/wp\/v2\/pages\/509","targetHints":{"allow":["GET"]}}],"collection":[{"href":"https:\/\/www.quatrevingtdouze.fr\/index.php\/wp-json\/wp\/v2\/pages"}],"about":[{"href":"https:\/\/www.quatrevingtdouze.fr\/index.php\/wp-json\/wp\/v2\/types\/page"}],"author":[{"embeddable":true,"href":"https:\/\/www.quatrevingtdouze.fr\/index.php\/wp-json\/wp\/v2\/users\/1"}],"replies":[{"embeddable":true,"href":"https:\/\/www.quatrevingtdouze.fr\/index.php\/wp-json\/wp\/v2\/comments?post=509"}],"version-history":[{"count":20,"href":"https:\/\/www.quatrevingtdouze.fr\/index.php\/wp-json\/wp\/v2\/pages\/509\/revisions"}],"predecessor-version":[{"id":972,"href":"https:\/\/www.quatrevingtdouze.fr\/index.php\/wp-json\/wp\/v2\/pages\/509\/revisions\/972"}],"wp:attachment":[{"href":"https:\/\/www.quatrevingtdouze.fr\/index.php\/wp-json\/wp\/v2\/media?parent=509"}],"curies":[{"name":"wp","href":"https:\/\/api.w.org\/{rel}","templated":true}]}}