{"id":927,"date":"2023-12-16T00:30:41","date_gmt":"2023-12-15T23:30:41","guid":{"rendered":"https:\/\/www.quatrevingtdouze.fr\/?page_id=927"},"modified":"2025-09-04T19:38:52","modified_gmt":"2025-09-04T17:38:52","slug":"communication-dinteret-general","status":"publish","type":"page","link":"https:\/\/www.quatrevingtdouze.fr\/index.php\/communication-dinteret-general\/","title":{"rendered":"Communication d\u2019int\u00e9r\u00eat g\u00e9n\u00e9ral"},"content":{"rendered":"\n<figure class=\"wp-block-image size-large\"><img loading=\"lazy\" decoding=\"async\" width=\"1024\" height=\"299\" src=\"https:\/\/www.quatrevingtdouze.fr\/wp-content\/uploads\/2023\/12\/3-1024x299.jpg\" alt=\"\" class=\"wp-image-966\" srcset=\"https:\/\/www.quatrevingtdouze.fr\/wp-content\/uploads\/2023\/12\/3-1024x299.jpg 1024w, https:\/\/www.quatrevingtdouze.fr\/wp-content\/uploads\/2023\/12\/3-300x87.jpg 300w, https:\/\/www.quatrevingtdouze.fr\/wp-content\/uploads\/2023\/12\/3-768x224.jpg 768w, https:\/\/www.quatrevingtdouze.fr\/wp-content\/uploads\/2023\/12\/3-1536x448.jpg 1536w, https:\/\/www.quatrevingtdouze.fr\/wp-content\/uploads\/2023\/12\/3.jpg 1900w\" sizes=\"auto, (max-width: 1024px) 100vw, 1024px\" \/><\/figure>\n\n\n\n<h1 class=\"wp-block-heading\">Accompagner au plus pr\u00e8s les acteurs de l\u2019int\u00e9r\u00eat g\u00e9n\u00e9ral<\/h1>\n\n\n\n<h2 class=\"wp-block-heading\"><strong>Des domaines d\u2019intervention <strong>sp\u00e9cifiques<\/strong><\/strong><\/h2>\n\n\n\n<p>Quatrevingtdouze porte un fort int\u00e9r\u00eat \u00e0 la communication d\u2019int\u00e9r\u00eat g\u00e9n\u00e9ral. L\u2019agence apporte son expertise en mati\u00e8re de communication aux ma\u00eetres d\u2019ouvrage et aux ma\u00eetres d\u2019\u0153uvre, tout au long du cycle de vie de leurs projets, depuis les premi\u00e8res \u00e9tapes de r\u00e9flexion, les \u00e9tudes, les phases de participation citoyenne et travaux, jusqu&#8217;\u00e0 la mise en service. Nous intervenons r\u00e9guli\u00e8rement sur les th\u00e9matiques de la vie quotidienne port\u00e9es par les administrations et les collectivit\u00e9s territoriales :<\/p>\n\n\n\n<ul class=\"wp-block-list\">\n<li><strong>Adaptation au changement climatique<\/strong> (nature en ville, gestion durable des eaux pluviales, pr\u00e9vention des inondations et des s\u00e9cheresses, lutte contre les \u00eelots de chaleur, d\u00e9veloppement de la biodiversit\u00e9)&nbsp;;<\/li>\n\n\n\n<li><strong>Am\u00e9nagement urbain<\/strong> (mieux vivre en ville, accessibilit\u00e9 pour tous, requalifications urbaines, foncier)&nbsp;;<\/li>\n\n\n\n<li><strong>Eau <\/strong>(berges de Seine, r\u00e9habilitation des ouvrages, cr\u00e9ations de r\u00e9seaux)&nbsp;;<\/li>\n\n\n\n<li><strong>Mobilit\u00e9s<\/strong> (circulations douces, RER, tramway, transports en commun en site propre)&nbsp;;<\/li>\n\n\n\n<li><strong>Ouvrages d\u2019art<\/strong> (entretien ou cr\u00e9ation de passerelles, ponts, sout\u00e8nements et tunnels)&nbsp;;<\/li>\n\n\n\n<li><strong>Route <\/strong>(r\u00e9seaux routiers, carrefours, \u00e9changeurs).<\/li>\n\n\n\n<li><strong>Sant\u00e9<\/strong> <\/li>\n<\/ul>\n\n\n\n<p>R\u00e9guli\u00e8rement sollicit\u00e9e pour la communication de projets d\u2019am\u00e9nagements qui s\u2019\u00e9talent sur plusieurs ann\u00e9es, voire plus d\u2019une d\u00e9cennie, Quatrevingtdouze a d\u00e9velopp\u00e9 une vision globale qui lui a permis de d\u00e9velopper une m\u00e9thodologie \u00e9prouv\u00e9e, sans cesse am\u00e9lior\u00e9e par une pratique quotidienne.<\/p>\n\n\n\n<h2 class=\"wp-block-heading\"><strong><strong>Une palette d\u2019outils au service de chaque \u00e9tape de votre projet<\/strong><\/strong><\/h2>\n\n\n\n<p>Quatrevingtdouze s\u2019appuie sur son exp\u00e9rience pour apporter une v\u00e9ritable assistance aux ma\u00eetres d\u2019ouvrage afin de couvrir l\u2019ensemble des prestations li\u00e9es \u00e0 la conception d\u2019outils de communication et de concertation :<\/p>\n\n\n\n<ul class=\"wp-block-list\">\n<li><strong>Les publications<\/strong>&nbsp;: magazines, guides, plaquettes, flyer, lettres info ;<\/li>\n\n\n\n<li><strong>La communication num\u00e9rique<\/strong>&nbsp;pour les sites internet et r\u00e9seaux sociaux : vid\u00e9os, images de synth\u00e8se, photographies, cartes communicantes ;<\/li>\n\n\n\n<li><strong>La concertation et la participation<\/strong>&nbsp;: information des citoyens, r\u00e9unions publiques, recueil des avis citoyens, dispositifs participatifs, \u00e9changes avec les \u00e9lus, les financeurs ou encore les partenaires du projet ;<\/li>\n\n\n\n<li><strong>L\u2019\u00e9v\u00e9nementiel<\/strong>&nbsp;: organisation et animation de r\u00e9unions publiques, visites de chantier ;<\/li>\n\n\n\n<li><strong>L\u2019identit\u00e9 graphique<\/strong>&nbsp;: charte graphique, habillages de chantiers.<\/li>\n<\/ul>\n\n\n\n<p>Pr\u00e9alablement \u00e0 la conception des supports de communication et de concertation, l\u2019agence est en mesure de r\u00e9aliser des synth\u00e8ses communicantes ou p\u00e9dagogiques \u00e0 partir de plans 2D et 3D et de documents techniques.<\/p>\n\n\n\n<p>Vous souhaitez \u00e9changer autour d\u2019un projet d\u2019am\u00e9nagement&nbsp;?<\/p>\n\n\n\n<div class=\"wp-block-buttons is-layout-flex wp-block-buttons-is-layout-flex\">\n<div class=\"wp-block-button\"><a class=\"wp-block-button__link wp-element-button\" href=\"https:\/\/www.quatrevingtdouze.fr\/index.php\/contact\/\" target=\"_blank\" rel=\"noreferrer noopener\">Contactez-nous<\/a><\/div>\n<\/div>\n","protected":false},"excerpt":{"rendered":"<p>Accompagner au plus pr\u00e8s les acteurs de l\u2019int\u00e9r\u00eat g\u00e9n\u00e9ral Des domaines d\u2019intervention sp\u00e9cifiques Quatrevingtdouze porte un fort int\u00e9r\u00eat \u00e0 la communication d\u2019int\u00e9r\u00eat g\u00e9n\u00e9ral. L\u2019agence apporte son expertise en mati\u00e8re de &#8230;<\/p>\n","protected":false},"author":1,"featured_media":0,"parent":0,"menu_order":0,"comment_status":"closed","ping_status":"closed","template":"","meta":{"_exactmetrics_skip_tracking":false,"_exactmetrics_sitenote_active":false,"_exactmetrics_sitenote_note":"","_exactmetrics_sitenote_category":0,"footnotes":""},"class_list":["post-927","page","type-page","status-publish","hentry"],"yoast_head":"<!-- This site is optimized with the Yoast SEO plugin v27.4 - https:\/\/yoast.com\/product\/yoast-seo-wordpress\/ -->\n<title>Communication d\u2019int\u00e9r\u00eat g\u00e9n\u00e9ral - Quatrevingtdouze<\/title>\n<meta name=\"description\" content=\"Quatrevingtdouze : Nous cr\u00e9ons les images qui construisent votre image\" \/>\n<meta name=\"robots\" content=\"index, follow, max-snippet:-1, max-image-preview:large, max-video-preview:-1\" \/>\n<link rel=\"canonical\" href=\"https:\/\/www.quatrevingtdouze.fr\/index.php\/communication-dinteret-general\/\" \/>\n<meta property=\"og:locale\" content=\"en_US\" \/>\n<meta property=\"og:type\" content=\"article\" \/>\n<meta property=\"og:title\" content=\"Communication d\u2019int\u00e9r\u00eat g\u00e9n\u00e9ral - Quatrevingtdouze\" \/>\n<meta property=\"og:description\" content=\"Quatrevingtdouze : Nous cr\u00e9ons les images qui construisent votre image\" \/>\n<meta property=\"og:url\" content=\"https:\/\/www.quatrevingtdouze.fr\/index.php\/communication-dinteret-general\/\" \/>\n<meta property=\"og:site_name\" content=\"Quatrevingtdouze\" \/>\n<meta property=\"article:modified_time\" content=\"2025-09-04T17:38:52+00:00\" \/>\n<meta property=\"og:image\" content=\"https:\/\/www.quatrevingtdouze.fr\/wp-content\/uploads\/2023\/12\/3.jpg\" \/>\n\t<meta property=\"og:image:width\" content=\"1900\" \/>\n\t<meta property=\"og:image:height\" content=\"554\" \/>\n\t<meta property=\"og:image:type\" content=\"image\/jpeg\" \/>\n<meta name=\"twitter:card\" content=\"summary_large_image\" \/>\n<meta name=\"twitter:site\" content=\"@Quatrevingtdouz\" \/>\n<meta name=\"twitter:label1\" content=\"Est. reading time\" \/>\n\t<meta name=\"twitter:data1\" content=\"2 minutes\" \/>\n<script type=\"application\/ld+json\" class=\"yoast-schema-graph\">{\"@context\":\"https:\\\/\\\/schema.org\",\"@graph\":[{\"@type\":\"WebPage\",\"@id\":\"https:\\\/\\\/www.quatrevingtdouze.fr\\\/index.php\\\/communication-dinteret-general\\\/\",\"url\":\"https:\\\/\\\/www.quatrevingtdouze.fr\\\/index.php\\\/communication-dinteret-general\\\/\",\"name\":\"Communication d\u2019int\u00e9r\u00eat g\u00e9n\u00e9ral - Quatrevingtdouze\",\"isPartOf\":{\"@id\":\"https:\\\/\\\/www.quatrevingtdouze.fr\\\/#website\"},\"primaryImageOfPage\":{\"@id\":\"https:\\\/\\\/www.quatrevingtdouze.fr\\\/index.php\\\/communication-dinteret-general\\\/#primaryimage\"},\"image\":{\"@id\":\"https:\\\/\\\/www.quatrevingtdouze.fr\\\/index.php\\\/communication-dinteret-general\\\/#primaryimage\"},\"thumbnailUrl\":\"https:\\\/\\\/www.quatrevingtdouze.fr\\\/wp-content\\\/uploads\\\/2023\\\/12\\\/3-1024x299.jpg\",\"datePublished\":\"2023-12-15T23:30:41+00:00\",\"dateModified\":\"2025-09-04T17:38:52+00:00\",\"description\":\"Quatrevingtdouze : Nous cr\u00e9ons les images qui construisent votre image\",\"breadcrumb\":{\"@id\":\"https:\\\/\\\/www.quatrevingtdouze.fr\\\/index.php\\\/communication-dinteret-general\\\/#breadcrumb\"},\"inLanguage\":\"en-US\",\"potentialAction\":[{\"@type\":\"ReadAction\",\"target\":[\"https:\\\/\\\/www.quatrevingtdouze.fr\\\/index.php\\\/communication-dinteret-general\\\/\"]}]},{\"@type\":\"ImageObject\",\"inLanguage\":\"en-US\",\"@id\":\"https:\\\/\\\/www.quatrevingtdouze.fr\\\/index.php\\\/communication-dinteret-general\\\/#primaryimage\",\"url\":\"https:\\\/\\\/www.quatrevingtdouze.fr\\\/wp-content\\\/uploads\\\/2023\\\/12\\\/3.jpg\",\"contentUrl\":\"https:\\\/\\\/www.quatrevingtdouze.fr\\\/wp-content\\\/uploads\\\/2023\\\/12\\\/3.jpg\",\"width\":1900,\"height\":554},{\"@type\":\"BreadcrumbList\",\"@id\":\"https:\\\/\\\/www.quatrevingtdouze.fr\\\/index.php\\\/communication-dinteret-general\\\/#breadcrumb\",\"itemListElement\":[{\"@type\":\"ListItem\",\"position\":1,\"name\":\"Accueil\",\"item\":\"https:\\\/\\\/www.quatrevingtdouze.fr\\\/\"},{\"@type\":\"ListItem\",\"position\":2,\"name\":\"Communication d\u2019int\u00e9r\u00eat g\u00e9n\u00e9ral\"}]},{\"@type\":\"WebSite\",\"@id\":\"https:\\\/\\\/www.quatrevingtdouze.fr\\\/#website\",\"url\":\"https:\\\/\\\/www.quatrevingtdouze.fr\\\/\",\"name\":\"Quatrevingtdouze\",\"description\":\"Nous cr\u00e9ons les images qui construisent votre image\",\"publisher\":{\"@id\":\"https:\\\/\\\/www.quatrevingtdouze.fr\\\/#organization\"},\"potentialAction\":[{\"@type\":\"SearchAction\",\"target\":{\"@type\":\"EntryPoint\",\"urlTemplate\":\"https:\\\/\\\/www.quatrevingtdouze.fr\\\/?s={search_term_string}\"},\"query-input\":{\"@type\":\"PropertyValueSpecification\",\"valueRequired\":true,\"valueName\":\"search_term_string\"}}],\"inLanguage\":\"en-US\"},{\"@type\":\"Organization\",\"@id\":\"https:\\\/\\\/www.quatrevingtdouze.fr\\\/#organization\",\"name\":\"Quatrevingtdouze\",\"url\":\"https:\\\/\\\/www.quatrevingtdouze.fr\\\/\",\"logo\":{\"@type\":\"ImageObject\",\"inLanguage\":\"en-US\",\"@id\":\"https:\\\/\\\/www.quatrevingtdouze.fr\\\/#\\\/schema\\\/logo\\\/image\\\/\",\"url\":\"https:\\\/\\\/www.quatrevingtdouze.fr\\\/wp-content\\\/uploads\\\/2018\\\/05\\\/Logo-Quatrevingtdouze.jpg\",\"contentUrl\":\"https:\\\/\\\/www.quatrevingtdouze.fr\\\/wp-content\\\/uploads\\\/2018\\\/05\\\/Logo-Quatrevingtdouze.jpg\",\"width\":170,\"height\":96,\"caption\":\"Quatrevingtdouze\"},\"image\":{\"@id\":\"https:\\\/\\\/www.quatrevingtdouze.fr\\\/#\\\/schema\\\/logo\\\/image\\\/\"},\"sameAs\":[\"https:\\\/\\\/x.com\\\/Quatrevingtdouz\",\"https:\\\/\\\/www.instagram.com\\\/quatrevingtdouz\\\/\",\"https:\\\/\\\/www.quatrevingtdouze.fr\\\/linkedin.com\\\/in\\\/david-paget\",\"https:\\\/\\\/www.youtube.com\\\/channel\\\/UCz3H2-oQOT36aUJxtkAiWLQ\\\/featured?view_as=public\"]}]}<\/script>\n<!-- \/ Yoast SEO plugin. -->","yoast_head_json":{"title":"Communication d\u2019int\u00e9r\u00eat g\u00e9n\u00e9ral - Quatrevingtdouze","description":"Quatrevingtdouze : Nous cr\u00e9ons les images qui construisent votre image","robots":{"index":"index","follow":"follow","max-snippet":"max-snippet:-1","max-image-preview":"max-image-preview:large","max-video-preview":"max-video-preview:-1"},"canonical":"https:\/\/www.quatrevingtdouze.fr\/index.php\/communication-dinteret-general\/","og_locale":"en_US","og_type":"article","og_title":"Communication d\u2019int\u00e9r\u00eat g\u00e9n\u00e9ral - Quatrevingtdouze","og_description":"Quatrevingtdouze : Nous cr\u00e9ons les images qui construisent votre image","og_url":"https:\/\/www.quatrevingtdouze.fr\/index.php\/communication-dinteret-general\/","og_site_name":"Quatrevingtdouze","article_modified_time":"2025-09-04T17:38:52+00:00","og_image":[{"width":1900,"height":554,"url":"https:\/\/www.quatrevingtdouze.fr\/wp-content\/uploads\/2023\/12\/3.jpg","type":"image\/jpeg"}],"twitter_card":"summary_large_image","twitter_site":"@Quatrevingtdouz","twitter_misc":{"Est. reading time":"2 minutes"},"schema":{"@context":"https:\/\/schema.org","@graph":[{"@type":"WebPage","@id":"https:\/\/www.quatrevingtdouze.fr\/index.php\/communication-dinteret-general\/","url":"https:\/\/www.quatrevingtdouze.fr\/index.php\/communication-dinteret-general\/","name":"Communication d\u2019int\u00e9r\u00eat g\u00e9n\u00e9ral - Quatrevingtdouze","isPartOf":{"@id":"https:\/\/www.quatrevingtdouze.fr\/#website"},"primaryImageOfPage":{"@id":"https:\/\/www.quatrevingtdouze.fr\/index.php\/communication-dinteret-general\/#primaryimage"},"image":{"@id":"https:\/\/www.quatrevingtdouze.fr\/index.php\/communication-dinteret-general\/#primaryimage"},"thumbnailUrl":"https:\/\/www.quatrevingtdouze.fr\/wp-content\/uploads\/2023\/12\/3-1024x299.jpg","datePublished":"2023-12-15T23:30:41+00:00","dateModified":"2025-09-04T17:38:52+00:00","description":"Quatrevingtdouze : Nous cr\u00e9ons les images qui construisent votre image","breadcrumb":{"@id":"https:\/\/www.quatrevingtdouze.fr\/index.php\/communication-dinteret-general\/#breadcrumb"},"inLanguage":"en-US","potentialAction":[{"@type":"ReadAction","target":["https:\/\/www.quatrevingtdouze.fr\/index.php\/communication-dinteret-general\/"]}]},{"@type":"ImageObject","inLanguage":"en-US","@id":"https:\/\/www.quatrevingtdouze.fr\/index.php\/communication-dinteret-general\/#primaryimage","url":"https:\/\/www.quatrevingtdouze.fr\/wp-content\/uploads\/2023\/12\/3.jpg","contentUrl":"https:\/\/www.quatrevingtdouze.fr\/wp-content\/uploads\/2023\/12\/3.jpg","width":1900,"height":554},{"@type":"BreadcrumbList","@id":"https:\/\/www.quatrevingtdouze.fr\/index.php\/communication-dinteret-general\/#breadcrumb","itemListElement":[{"@type":"ListItem","position":1,"name":"Accueil","item":"https:\/\/www.quatrevingtdouze.fr\/"},{"@type":"ListItem","position":2,"name":"Communication d\u2019int\u00e9r\u00eat g\u00e9n\u00e9ral"}]},{"@type":"WebSite","@id":"https:\/\/www.quatrevingtdouze.fr\/#website","url":"https:\/\/www.quatrevingtdouze.fr\/","name":"Quatrevingtdouze","description":"Nous cr\u00e9ons les images qui construisent votre image","publisher":{"@id":"https:\/\/www.quatrevingtdouze.fr\/#organization"},"potentialAction":[{"@type":"SearchAction","target":{"@type":"EntryPoint","urlTemplate":"https:\/\/www.quatrevingtdouze.fr\/?s={search_term_string}"},"query-input":{"@type":"PropertyValueSpecification","valueRequired":true,"valueName":"search_term_string"}}],"inLanguage":"en-US"},{"@type":"Organization","@id":"https:\/\/www.quatrevingtdouze.fr\/#organization","name":"Quatrevingtdouze","url":"https:\/\/www.quatrevingtdouze.fr\/","logo":{"@type":"ImageObject","inLanguage":"en-US","@id":"https:\/\/www.quatrevingtdouze.fr\/#\/schema\/logo\/image\/","url":"https:\/\/www.quatrevingtdouze.fr\/wp-content\/uploads\/2018\/05\/Logo-Quatrevingtdouze.jpg","contentUrl":"https:\/\/www.quatrevingtdouze.fr\/wp-content\/uploads\/2018\/05\/Logo-Quatrevingtdouze.jpg","width":170,"height":96,"caption":"Quatrevingtdouze"},"image":{"@id":"https:\/\/www.quatrevingtdouze.fr\/#\/schema\/logo\/image\/"},"sameAs":["https:\/\/x.com\/Quatrevingtdouz","https:\/\/www.instagram.com\/quatrevingtdouz\/","https:\/\/www.quatrevingtdouze.fr\/linkedin.com\/in\/david-paget","https:\/\/www.youtube.com\/channel\/UCz3H2-oQOT36aUJxtkAiWLQ\/featured?view_as=public"]}]}},"_links":{"self":[{"href":"https:\/\/www.quatrevingtdouze.fr\/index.php\/wp-json\/wp\/v2\/pages\/927","targetHints":{"allow":["GET"]}}],"collection":[{"href":"https:\/\/www.quatrevingtdouze.fr\/index.php\/wp-json\/wp\/v2\/pages"}],"about":[{"href":"https:\/\/www.quatrevingtdouze.fr\/index.php\/wp-json\/wp\/v2\/types\/page"}],"author":[{"embeddable":true,"href":"https:\/\/www.quatrevingtdouze.fr\/index.php\/wp-json\/wp\/v2\/users\/1"}],"replies":[{"embeddable":true,"href":"https:\/\/www.quatrevingtdouze.fr\/index.php\/wp-json\/wp\/v2\/comments?post=927"}],"version-history":[{"count":9,"href":"https:\/\/www.quatrevingtdouze.fr\/index.php\/wp-json\/wp\/v2\/pages\/927\/revisions"}],"predecessor-version":[{"id":1094,"href":"https:\/\/www.quatrevingtdouze.fr\/index.php\/wp-json\/wp\/v2\/pages\/927\/revisions\/1094"}],"wp:attachment":[{"href":"https:\/\/www.quatrevingtdouze.fr\/index.php\/wp-json\/wp\/v2\/media?parent=927"}],"curies":[{"name":"wp","href":"https:\/\/api.w.org\/{rel}","templated":true}]}}